{"id":8908,"date":"2020-09-25T09:25:39","date_gmt":"2020-09-25T08:25:39","guid":{"rendered":"https:\/\/www.ire.pw.edu.pl\/?page_id=8908"},"modified":"2026-08-17T15:04:54","modified_gmt":"2026-08-17T14:04:54","slug":"2019-2","status":"publish","type":"page","link":"https:\/\/www.ire.pw.edu.pl\/en\/o-instytucie\/nagrody-i-wyroznienia\/2019-2\/","title":{"rendered":"2019"},"content":{"rendered":"\r\n<p><strong>ODZNACZENIA PRZYZNANE PRACOWNIKOM IRiTM W ROKU 2019<\/strong><\/p>\r\n<p>\r\n\r\n<\/p>\r\n<p><strong>Srebrny Krzy\u017c Zas\u0142ugi<\/strong><\/p>\r\n<p>\r\n\r\n<\/p>\r\n<p>dr hab. in\u017c. Piotr Bogorodzki, prof. uczelni<\/p>\r\n<p>\r\n\r\n<\/p>\r\n<p>\r\n\r\n<\/p>\r\n<p><strong>Medal Z\u0142oty za D\u0142ugoletni\u0105 S\u0142u\u017cb\u0119<\/strong><\/p>\r\n<p>\r\n\r\n<\/p>\r\n<p>dr in\u017c. Miros\u0142aw Miko\u0142ajewski<\/p>\r\n<p>dr in\u017c. Ewa Pi\u0105tkowska-Janko<\/p>\r\n<p>mgr in\u017c. Tomasz Krzymie\u0144<\/p>\r\n<p>\r\n\r\n<\/p>\r\n<p>\r\n\r\n<\/p>\r\n<p><strong>Medal Komisji Edukacji Narodowej<\/strong><\/p>\r\n<p>\r\n\r\n<\/p>\r\n<p>dr hab. in\u017c. Wojciech Wojtasiak<\/p>\r\n<p><strong>NAGRODY DLA PRACOWNIK\u00d3W IRiTM PRZYZNANE PRZEZ JM REKTORA W ROKU 2019<\/strong><\/p>\r\n\r\n\r\n\r\n<p><strong>Nagroda I stopnia za ca\u0142okszta\u0142t dorobku<\/strong><\/p>\r\n\r\n\r\n\r\n<p>prof. dr hab. in\u017c. J\u00f3zef Modelski<\/p>\r\n\r\n\r\n\r\n<p><strong>Nagroda I stopnia za dzia\u0142alno\u015b\u0107 naukow\u0105<\/strong><\/p>\r\n<p><strong>\r\n\r\n<\/strong><\/p>\r\n<p>Zesp\u00f3\u0142 w sk\u0142adzie:<\/p>\r\n<p><strong>\r\n\r\n<\/strong><\/p>\r\n<ul>\r\n<li>dr hab. in\u017c. Jerzy Krupka, prof. uczelni (IMiO)<\/li>\r\n<li>dr hab. in\u017c. Bart\u0142omiej Salski, prof. uczelni<\/li>\r\n<li>dr hab. in\u017c. Pawe\u0142 Kopyt<\/li>\r\n<li>mgr in\u017c. Tomasz Karpisz<\/li>\r\n<li>mgr in\u017c. Adam Pacewicz<\/li>\r\n<li>mgr in\u017c. Marcin Rytel<\/li>\r\n<li>in\u017c. Jerzy Cuper<\/li>\r\n<\/ul>\r\n<p><strong>Nagroda I stopnia za dzia\u0142alno\u015b\u0107 naukow\u0105<\/strong><\/p>\r\n<p>Zesp\u00f3\u0142 w sk\u0142adzie:<\/p>\r\n<p><strong>\r\n\r\n<\/strong><\/p>\r\n<p><strong>\r\n\r\n<\/strong><\/p>\r\n<p><strong>\r\n\r\n<\/strong><\/p>\r\n<p><strong>\r\n\r\n<\/strong><\/p>\r\n<p><strong>\r\n\r\n<\/strong><\/p>\r\n<p><strong>\r\n\r\n<\/strong><\/p>\r\n<p><strong>\r\n\r\n<\/strong><\/p>\r\n<ul>\r\n<li>prof. dr hab. in\u017c. Yevhen Yashchyshyn<\/li>\r\n<li>dr in\u017c. Konrad Godziszewski<\/li>\r\n<li>dr in\u017c. Grzegorz Bogdan<\/li>\r\n<li>dr in\u017c Krzysztof Derzakowski<\/li>\r\n<li>mgr in\u017c. Przemys\u0142aw Piasecki]<\/li>\r\n<\/ul>\r\n<p><strong>Nagroda I stopnia za dzia\u0142alno\u015b\u0107 organizacyjn\u0105<\/strong><\/p>\r\n<p><strong>\r\n\r\n<\/strong><\/p>\r\n<p>prof. dr hab. in\u017c. Roman Morawski&nbsp;<\/p>\r\n<p><strong>Nagroda II stopnia za dzia\u0142alno\u015b\u0107 naukow\u0105<\/strong><\/p>\r\n<p>dr hab. in\u017c. Piotr Bilski, prof. uczelni<\/p>\r\n<p><strong>Nagroda III stopnia za prac\u0119 doktorsk\u0105<\/strong><\/p>\r\n<p>dr in\u017c. Pawe\u0142 Mazurek<\/p>\r\n<p><strong>Nagroda III stopnia za dzia\u0142alno\u015b\u0107 organizacyjn\u0105<\/strong><\/p>\r\n<p><strong>\r\n\r\n<\/strong><\/p>\r\n<p><strong>\r\n\r\n<\/strong><\/p>\r\n<p>\r\n\r\n\r\n\r\n<\/p>\r\n<p>prof. dr hab in\u017c J\u00f3zef Modelski<\/p>\r\n<p>prof. dr hab. in\u017c. Wies\u0142aw Winiecki<\/p>\r\n<p>\r\n\r\n<\/p>\r\n<p>dr hab. in\u017c. Bart\u0142omiej Salski<\/p>\r\n","protected":false},"excerpt":{"rendered":"<p>ODZNACZENIA PRZYZNANE PRACOWNIKOM IRiTM W ROKU 2019 Srebrny Krzy\u017c Zas\u0142ugi dr hab. in\u017c. Piotr Bogorodzki, prof. uczelni Medal Z\u0142oty za D\u0142ugoletni\u0105 S\u0142u\u017cb\u0119 dr in\u017c. Miros\u0142aw Miko\u0142ajewski dr in\u017c. Ewa Pi\u0105tkowska-Janko mgr in\u017c. Tomasz Krzymie\u0144 Medal Komisji Edukacji Narodowej dr hab. in\u017c. Wojciech Wojtasiak NAGRODY DLA PRACOWNIK\u00d3W IRiTM PRZYZNANE PRZEZ JM REKTORA W ROKU 2019 Nagroda [&hellip;]<\/p>\n","protected":false},"author":8,"featured_media":0,"parent":36,"menu_order":0,"comment_status":"closed","ping_status":"closed","template":"","meta":{"ngg_post_thumbnail":0,"footnotes":""},"_links":{"self":[{"href":"https:\/\/www.ire.pw.edu.pl\/en\/wp-json\/wp\/v2\/pages\/8908"}],"collection":[{"href":"https:\/\/www.ire.pw.edu.pl\/en\/wp-json\/wp\/v2\/pages"}],"about":[{"href":"https:\/\/www.ire.pw.edu.pl\/en\/wp-json\/wp\/v2\/types\/page"}],"author":[{"embeddable":true,"href":"https:\/\/www.ire.pw.edu.pl\/en\/wp-json\/wp\/v2\/users\/8"}],"replies":[{"embeddable":true,"href":"https:\/\/www.ire.pw.edu.pl\/en\/wp-json\/wp\/v2\/comments?post=8908"}],"version-history":[{"count":5,"href":"https:\/\/www.ire.pw.edu.pl\/en\/wp-json\/wp\/v2\/pages\/8908\/revisions"}],"predecessor-version":[{"id":13554,"href":"https:\/\/www.ire.pw.edu.pl\/en\/wp-json\/wp\/v2\/pages\/8908\/revisions\/13554"}],"up":[{"embeddable":true,"href":"https:\/\/www.ire.pw.edu.pl\/en\/wp-json\/wp\/v2\/pages\/36"}],"wp:attachment":[{"href":"https:\/\/www.ire.pw.edu.pl\/en\/wp-json\/wp\/v2\/media?parent=8908"}],"curies":[{"name":"wp","href":"https:\/\/api.w.org\/{rel}","templated":true}]}}

<p><strong>ODZNACZENIA PRZYZNANE PRACOWNIKOM IRiTM W ROKU 2019</strong></p>
<p>

</p>
<p><strong>Srebrny Krzyż Zasługi</strong></p>
<p>

</p>
<p>dr hab. inż. Piotr Bogorodzki, prof. uczelni</p>
<p>

</p>
<p>

</p>
<p><strong>Medal Złoty za Długoletnią Służbę</strong></p>
<p>

</p>
<p>dr inż. Mirosław Mikołajewski</p>
<p>dr inż. Ewa Piątkowska-Janko</p>
<p>mgr inż. Tomasz Krzymień</p>
<p>

</p>
<p>

</p>
<p><strong>Medal Komisji Edukacji Narodowej</strong></p>
<p>

</p>
<p>dr hab. inż. Wojciech Wojtasiak</p>
<p><strong>NAGRODY DLA PRACOWNIKÓW IRiTM PRZYZNANE PRZEZ JM REKTORA W ROKU 2019</strong></p>



<p><strong>Nagroda I stopnia za całokształt dorobku</strong></p>



<p>prof. dr hab. inż. Józef Modelski</p>



<p><strong>Nagroda I stopnia za działalność naukową</strong></p>
<p><strong>

</strong></p>
<p>Zespół w składzie:</p>
<p><strong>

</strong></p>
<ul>
<li>dr hab. inż. Jerzy Krupka, prof. uczelni (IMiO)</li>
<li>dr hab. inż. Bartłomiej Salski, prof. uczelni</li>
<li>dr hab. inż. Paweł Kopyt</li>
<li>mgr inż. Tomasz Karpisz</li>
<li>mgr inż. Adam Pacewicz</li>
<li>mgr inż. Marcin Rytel</li>
<li>inż. Jerzy Cuper</li>
</ul>
<p><strong>Nagroda I stopnia za działalność naukową</strong></p>
<p>Zespół w składzie:</p>
<p><strong>

</strong></p>
<p><strong>

</strong></p>
<p><strong>

</strong></p>
<p><strong>

</strong></p>
<p><strong>

</strong></p>
<p><strong>

</strong></p>
<p><strong>

</strong></p>
<ul>
<li>prof. dr hab. inż. Yevhen Yashchyshyn</li>
<li>dr inż. Konrad Godziszewski</li>
<li>dr inż. Grzegorz Bogdan</li>
<li>dr inż Krzysztof Derzakowski</li>
<li>mgr inż. Przemysław Piasecki]</li>
</ul>
<p><strong>Nagroda I stopnia za działalność organizacyjną</strong></p>
<p><strong>

</strong></p>
<p>prof. dr hab. inż. Roman Morawski&nbsp;</p>
<p><strong>Nagroda II stopnia za działalność naukową</strong></p>
<p>dr hab. inż. Piotr Bilski, prof. uczelni</p>
<p><strong>Nagroda III stopnia za pracę doktorską</strong></p>
<p>dr inż. Paweł Mazurek</p>
<p><strong>Nagroda III stopnia za działalność organizacyjną</strong></p>
<p><strong>

</strong></p>
<p><strong>

</strong></p>
<p>



</p>
<p>prof. dr hab inż Józef Modelski</p>
<p>prof. dr hab. inż. Wiesław Winiecki</p>
<p>

</p>
<p>dr hab. inż. Bartłomiej Salski</p>

<p>ODZNACZENIA PRZYZNANE PRACOWNIKOM IRiTM W ROKU 2019 Srebrny Krzyż Zasługi dr hab. inż. Piotr Bogorodzki, prof. uczelni Medal Złoty za Długoletnią Służbę dr inż. Mirosław Mikołajewski dr inż. Ewa Piątkowska-Janko mgr inż. Tomasz Krzymień Medal Komisji Edukacji Narodowej dr hab. inż. Wojciech Wojtasiak NAGRODY DLA PRACOWNIKÓW IRiTM PRZYZNANE PRZEZ JM REKTORA W ROKU 2019 Nagroda [&hellip;]</p>
